{"id":9,"date":"2023-03-01T09:21:40","date_gmt":"2023-03-01T09:21:40","guid":{"rendered":"http:\/\/ferienwohnungwilhelm.de\/?page_id=9"},"modified":"2023-03-15T13:04:12","modified_gmt":"2023-03-15T13:04:12","slug":"ferienwohnung-im-hunsrueck","status":"publish","type":"page","link":"https:\/\/ferienwohnungwilhelm.de\/?page_id=9","title":{"rendered":"Region"},"content":{"rendered":"\n<p class=\"has-medium-font-size\"><strong>\u00dcber unseren Ort<\/strong> &#8211; Die Ferienwohnung im Hunsr\u00fcck <\/p>\n\n\n\n<p class=\"has-medium-font-size\">Der Argenthaler Waldsee ist ein naturbelassener See, der zum Erholen einl\u00e4dt. Dort startet auch der Geo-Erlebnispfad.&nbsp;Die Wanderm\u00f6glichkeiten rund um Argenthal sind vielf\u00e4ltig. Durch die nahe Autobahnanbindung (5 km) ist man in k\u00fcrzester Zeit am Rhein, an der Nahe und an der Mosel. Im Winter besteht die M\u00f6glichkeit f\u00fcr Ski und Rodel auf dem Schanzerkopf. Mehr Informationen finden sie unter <a href=\"https:\/\/www.argenthal.de\" target=\"_blank\" rel=\"noreferrer noopener\">www.argenthal.de<\/a><\/p>\n\n\n\n<div style=\"height:50px\" aria-hidden=\"true\" class=\"wp-block-spacer\"><\/div>\n\n\n\n<p class=\"has-medium-font-size\"><strong>Hunsr\u00fcck<\/strong><\/p>\n\n\n\n<figure class=\"wp-block-gallery has-nested-images columns-1 is-cropped wp-block-gallery-2 is-layout-flex wp-block-gallery-is-layout-flex\">\n<figure class=\"wp-block-image size-large\"><img loading=\"lazy\" decoding=\"async\" width=\"1024\" height=\"576\" data-id=\"97\" src=\"http:\/\/ferienwohnungwilhelm.de\/wp-content\/uploads\/2023\/03\/AdobeStock_231847949-1024x576.jpeg\" alt=\"Ferienwohnung im Hunsr\u00fcck\" class=\"wp-image-97\" srcset=\"https:\/\/ferienwohnungwilhelm.de\/wp-content\/uploads\/2023\/03\/AdobeStock_231847949-1024x576.jpeg 1024w, https:\/\/ferienwohnungwilhelm.de\/wp-content\/uploads\/2023\/03\/AdobeStock_231847949-300x169.jpeg 300w, https:\/\/ferienwohnungwilhelm.de\/wp-content\/uploads\/2023\/03\/AdobeStock_231847949-768x432.jpeg 768w, https:\/\/ferienwohnungwilhelm.de\/wp-content\/uploads\/2023\/03\/AdobeStock_231847949-1536x864.jpeg 1536w, https:\/\/ferienwohnungwilhelm.de\/wp-content\/uploads\/2023\/03\/AdobeStock_231847949-2048x1152.jpeg 2048w, https:\/\/ferienwohnungwilhelm.de\/wp-content\/uploads\/2023\/03\/AdobeStock_231847949-1140x641.jpeg 1140w, https:\/\/ferienwohnungwilhelm.de\/wp-content\/uploads\/2023\/03\/AdobeStock_231847949-540x304.jpeg 540w\" sizes=\"auto, (max-width: 1024px) 100vw, 1024px\" \/><figcaption class=\"wp-element-caption\">Rheinland-Pfalz, Hunsr\u00fcck, H\u00e4ngeseilbr\u00fccke Geierlay, M\u00f6rsdorf, Sosberg, M\u00f6rsdorfer Bachtal<\/figcaption><\/figure>\n\n\n\n<figure class=\"wp-block-image size-large\"><img loading=\"lazy\" decoding=\"async\" width=\"1024\" height=\"683\" data-id=\"94\" src=\"http:\/\/ferienwohnungwilhelm.de\/wp-content\/uploads\/2023\/03\/AdobeStock_290268424-1024x683.jpeg\" alt=\"Ferienwohnung im Hunsr\u00fcck\" class=\"wp-image-94\" srcset=\"https:\/\/ferienwohnungwilhelm.de\/wp-content\/uploads\/2023\/03\/AdobeStock_290268424-1024x683.jpeg 1024w, https:\/\/ferienwohnungwilhelm.de\/wp-content\/uploads\/2023\/03\/AdobeStock_290268424-300x200.jpeg 300w, https:\/\/ferienwohnungwilhelm.de\/wp-content\/uploads\/2023\/03\/AdobeStock_290268424-768x512.jpeg 768w, https:\/\/ferienwohnungwilhelm.de\/wp-content\/uploads\/2023\/03\/AdobeStock_290268424-1536x1024.jpeg 1536w, https:\/\/ferienwohnungwilhelm.de\/wp-content\/uploads\/2023\/03\/AdobeStock_290268424-2048x1365.jpeg 2048w\" sizes=\"auto, (max-width: 1024px) 100vw, 1024px\" \/><figcaption class=\"wp-element-caption\">Rheinland-Pfalz, Hunsr\u00fcck, Schneppenbach, Bundenbach, Siedlung, Burg, Kleinburg, Kelten, Keltensiedlung, Rekonstruktion, Burganlage, Freilichtmuseum<\/figcaption><\/figure>\n\n\n\n<figure class=\"wp-block-image size-large\"><img loading=\"lazy\" decoding=\"async\" width=\"1024\" height=\"683\" data-id=\"96\" src=\"http:\/\/ferienwohnungwilhelm.de\/wp-content\/uploads\/2023\/03\/AdobeStock_315976671-1024x683.jpeg\" alt=\"Ferienwohnung im Hunsr\u00fcck\" class=\"wp-image-96\" srcset=\"https:\/\/ferienwohnungwilhelm.de\/wp-content\/uploads\/2023\/03\/AdobeStock_315976671-1024x683.jpeg 1024w, https:\/\/ferienwohnungwilhelm.de\/wp-content\/uploads\/2023\/03\/AdobeStock_315976671-300x200.jpeg 300w, https:\/\/ferienwohnungwilhelm.de\/wp-content\/uploads\/2023\/03\/AdobeStock_315976671-768x512.jpeg 768w, https:\/\/ferienwohnungwilhelm.de\/wp-content\/uploads\/2023\/03\/AdobeStock_315976671-1536x1024.jpeg 1536w, https:\/\/ferienwohnungwilhelm.de\/wp-content\/uploads\/2023\/03\/AdobeStock_315976671-2048x1365.jpeg 2048w\" sizes=\"auto, (max-width: 1024px) 100vw, 1024px\" \/><figcaption class=\"wp-element-caption\">Wanderwege wie Saar-Hunsr\u00fcck-Steig, den Soonwaldsteig, die Traumschleifen<\/figcaption><\/figure>\n\n\n\n<figure class=\"wp-block-image size-large\"><img loading=\"lazy\" decoding=\"async\" width=\"1024\" height=\"683\" data-id=\"99\" src=\"http:\/\/ferienwohnungwilhelm.de\/wp-content\/uploads\/2023\/03\/AdobeStock_387327938-1024x683.jpeg\" alt=\"Ferienwohnung im Hunsr\u00fcck\" class=\"wp-image-99\" srcset=\"https:\/\/ferienwohnungwilhelm.de\/wp-content\/uploads\/2023\/03\/AdobeStock_387327938-1024x683.jpeg 1024w, https:\/\/ferienwohnungwilhelm.de\/wp-content\/uploads\/2023\/03\/AdobeStock_387327938-300x200.jpeg 300w, https:\/\/ferienwohnungwilhelm.de\/wp-content\/uploads\/2023\/03\/AdobeStock_387327938-768x513.jpeg 768w, https:\/\/ferienwohnungwilhelm.de\/wp-content\/uploads\/2023\/03\/AdobeStock_387327938-1536x1025.jpeg 1536w, https:\/\/ferienwohnungwilhelm.de\/wp-content\/uploads\/2023\/03\/AdobeStock_387327938-2048x1367.jpeg 2048w\" sizes=\"auto, (max-width: 1024px) 100vw, 1024px\" \/><figcaption class=\"wp-element-caption\">Soonwald<\/figcaption><\/figure>\n<\/figure>\n\n\n\n<div style=\"height:50px\" aria-hidden=\"true\" class=\"wp-block-spacer\"><\/div>\n\n\n\n<p class=\"has-medium-font-size\"><strong><a href=\"https:\/\/www.hunsruecktouristik.de\/reisethemen\/wandern\" target=\"_blank\" rel=\"noreferrer noopener\">Wanderwege im Hunsr\u00fcck<\/a><\/strong><\/p>\n\n\n\n<div style=\"height:50px\" aria-hidden=\"true\" class=\"wp-block-spacer\"><\/div>\n\n\n\n<p><strong>Ausflugsziele<\/strong><\/p>\n\n\n\n<p>Der Erbeskopf, der h\u00f6chste Berg von ganz Rheinland-Pfalz bietet Aktivit\u00e4ten f\u00fcr die ganze Familie: den MTB-Trailpark, die Sommerrodelbahn, den Waldseilgarten mit Parcours und Flying-Fox uvm.<\/p>\n\n\n\n<p>Die H\u00e4ngeseilbr\u00fccke Geierlay ist mit 360 m L\u00e4nge und 100 m H\u00f6he eine Attraktion f\u00fcr sich. Zwischen M\u00f6rsdorf und Sosberg befindet sie sich oberhalb des M\u00f6rsdorfer Bachtals. Schwindelfreie Naturfreunde kommen hier voll auf ihre Kosten.<\/p>\n\n\n\n<p>Ebenso bieten gleich 2 Park im Hunsr\u00fcck den Besuchern ein hautnahes Erlebnis zu besonderen Tierarten \u2013 ob in Bell bei Kastellaun oder in Rheinb\u00f6llen. Einheimische bzw. exotische Tiere treffen und selbst erleben d\u00fcrften.<\/p>\n\n\n\n<ul class=\"wp-block-list\">\n<li>Fitness- und Gesundheitspark Kirchberg<\/li>\n\n\n\n<li>Schinderhannesturm Simmern<\/li>\n\n\n\n<li>Hunsr\u00fcckbahn-Museum: Zug um Zug<\/li>\n\n\n\n<li>uvm.<\/li>\n<\/ul>\n\n\n\n<p><strong>Argenthal<\/strong><\/p>\n\n\n\n<p>Die <a href=\"http:\/\/ferienwohnungwilhelm.de\/\">Ferienwohnung im Hunsr\u00fcck<\/a> befindet sich im ruhigen Teil des Ortes. Dieser liegt zentral &#8211; direkt an der B50, zwischen Rheinb\u00f6llen und Simmern und nur wenige Kilometer von der A61 entfernt.<\/p>\n","protected":false},"excerpt":{"rendered":"<p>\u00dcber unseren Ort &#8211; Die Ferienwohnung im Hunsr\u00fcck Der Argenthaler Waldsee ist ein naturbelassener See, der zum Erholen einl\u00e4dt. Dort startet auch der Geo-Erlebnispfad.&nbsp;Die Wanderm\u00f6glichkeiten rund um Argenthal sind vielf\u00e4ltig. Durch die nahe Autobahnanbindung (5 km) ist man in k\u00fcrzester Zeit am Rhein, an der Nahe und an der Mosel. Im Winter besteht die M\u00f6glichkeit f\u00fcr Ski und Rodel auf dem Schanzerkopf. Mehr Informationen finden sie unter www.argenthal.de Hunsr\u00fcck Wanderwege im Hunsr\u00fcck Ausflugsziele Der Erbeskopf, der h\u00f6chste Berg von ganz Rheinland-Pfalz bietet Aktivit\u00e4ten f\u00fcr die ganze Familie: den MTB-Trailpark, die Sommerrodelbahn, den Waldseilgarten mit Parcours und Flying-Fox uvm. Die H\u00e4ngeseilbr\u00fccke Geierlay ist mit 360 m L\u00e4nge und 100 m H\u00f6he eine Attraktion f\u00fcr sich. Zwischen M\u00f6rsdorf und Sosberg befindet sie sich oberhalb des M\u00f6rsdorfer Bachtals. Schwindelfreie Naturfreunde kommen hier voll auf ihre Kosten. Ebenso bieten gleich 2 Park im Hunsr\u00fcck den Besuchern ein hautnahes Erlebnis zu besonderen Tierarten \u2013 ob in Bell bei Kastellaun oder in Rheinb\u00f6llen. Einheimische bzw. exotische Tiere treffen und selbst erleben d\u00fcrften. Argenthal Die Ferienwohnung im Hunsr\u00fcck befindet sich im ruhigen Teil des Ortes. Dieser liegt zentral &#8211; direkt an der B50, zwischen Rheinb\u00f6llen und Simmern und nur wenige Kilometer von der A61 entfernt.<\/p>\n","protected":false},"author":1,"featured_media":0,"parent":0,"menu_order":0,"comment_status":"closed","ping_status":"closed","template":"","meta":{"footnotes":""},"class_list":["post-9","page","type-page","status-publish","hentry"],"yoast_head":"<!-- This site is optimized with the Yoast SEO plugin v27.5 - https:\/\/yoast.com\/product\/yoast-seo-wordpress\/ -->\n<title>Ferienwohnung im Hunsr\u00fcck<\/title>\n<meta name=\"description\" content=\"Ferienwohnung im Hunsr\u00fcck - direkt in Argenthal der einen Waldsee zum Baden anbietet. Ruhig gelegene FeWo direkt am Soonwald.\" \/>\n<meta name=\"robots\" content=\"index, follow, max-snippet:-1, max-image-preview:large, max-video-preview:-1\" \/>\n<link rel=\"canonical\" href=\"https:\/\/ferienwohnungwilhelm.de\/?page_id=9\" \/>\n<meta property=\"og:locale\" content=\"de_DE\" \/>\n<meta property=\"og:type\" content=\"article\" \/>\n<meta property=\"og:title\" content=\"Ferienwohnung im Hunsr\u00fcck\" \/>\n<meta property=\"og:description\" content=\"Ferienwohnung im Hunsr\u00fcck - direkt in Argenthal der einen Waldsee zum Baden anbietet. Ruhig gelegene FeWo direkt am Soonwald.\" \/>\n<meta property=\"og:url\" content=\"https:\/\/ferienwohnungwilhelm.de\/?page_id=9\" \/>\n<meta property=\"og:site_name\" content=\"Ferienwohnung Wilhelm\" \/>\n<meta property=\"article:modified_time\" content=\"2023-03-15T13:04:12+00:00\" \/>\n<meta property=\"og:image\" content=\"http:\/\/ferienwohnungwilhelm.de\/wp-content\/uploads\/2023\/03\/AdobeStock_231847949-1024x576.jpeg\" \/>\n<meta name=\"twitter:card\" content=\"summary_large_image\" \/>\n<meta name=\"twitter:label1\" content=\"Gesch\u00e4tzte Lesezeit\" \/>\n\t<meta name=\"twitter:data1\" content=\"3\u00a0Minuten\" \/>\n<script type=\"application\/ld+json\" class=\"yoast-schema-graph\">{\"@context\":\"https:\\\/\\\/schema.org\",\"@graph\":[{\"@type\":\"WebPage\",\"@id\":\"https:\\\/\\\/ferienwohnungwilhelm.de\\\/?page_id=9\",\"url\":\"https:\\\/\\\/ferienwohnungwilhelm.de\\\/?page_id=9\",\"name\":\"Ferienwohnung im Hunsr\u00fcck\",\"isPartOf\":{\"@id\":\"http:\\\/\\\/ferienwohnungwilhelm.de\\\/#website\"},\"primaryImageOfPage\":{\"@id\":\"https:\\\/\\\/ferienwohnungwilhelm.de\\\/?page_id=9#primaryimage\"},\"image\":{\"@id\":\"https:\\\/\\\/ferienwohnungwilhelm.de\\\/?page_id=9#primaryimage\"},\"thumbnailUrl\":\"http:\\\/\\\/ferienwohnungwilhelm.de\\\/wp-content\\\/uploads\\\/2023\\\/03\\\/AdobeStock_231847949-1024x576.jpeg\",\"datePublished\":\"2023-03-01T09:21:40+00:00\",\"dateModified\":\"2023-03-15T13:04:12+00:00\",\"description\":\"Ferienwohnung im Hunsr\u00fcck - direkt in Argenthal der einen Waldsee zum Baden anbietet. Ruhig gelegene FeWo direkt am Soonwald.\",\"breadcrumb\":{\"@id\":\"https:\\\/\\\/ferienwohnungwilhelm.de\\\/?page_id=9#breadcrumb\"},\"inLanguage\":\"de\",\"potentialAction\":[{\"@type\":\"ReadAction\",\"target\":[\"https:\\\/\\\/ferienwohnungwilhelm.de\\\/?page_id=9\"]}]},{\"@type\":\"ImageObject\",\"inLanguage\":\"de\",\"@id\":\"https:\\\/\\\/ferienwohnungwilhelm.de\\\/?page_id=9#primaryimage\",\"url\":\"http:\\\/\\\/ferienwohnungwilhelm.de\\\/wp-content\\\/uploads\\\/2023\\\/03\\\/AdobeStock_231847949-1024x576.jpeg\",\"contentUrl\":\"http:\\\/\\\/ferienwohnungwilhelm.de\\\/wp-content\\\/uploads\\\/2023\\\/03\\\/AdobeStock_231847949-1024x576.jpeg\"},{\"@type\":\"BreadcrumbList\",\"@id\":\"https:\\\/\\\/ferienwohnungwilhelm.de\\\/?page_id=9#breadcrumb\",\"itemListElement\":[{\"@type\":\"ListItem\",\"position\":1,\"name\":\"Startseite\",\"item\":\"http:\\\/\\\/ferienwohnungwilhelm.de\\\/\"},{\"@type\":\"ListItem\",\"position\":2,\"name\":\"Region\"}]},{\"@type\":\"WebSite\",\"@id\":\"http:\\\/\\\/ferienwohnungwilhelm.de\\\/#website\",\"url\":\"http:\\\/\\\/ferienwohnungwilhelm.de\\\/\",\"name\":\"Ferienwohnung Wilhelm\",\"description\":\"in Argenthal\",\"publisher\":{\"@id\":\"http:\\\/\\\/ferienwohnungwilhelm.de\\\/#\\\/schema\\\/person\\\/c93afcdc1619a85dc23c39eb67df361f\"},\"alternateName\":\"Ferienwohnung in Argenthal\",\"potentialAction\":[{\"@type\":\"SearchAction\",\"target\":{\"@type\":\"EntryPoint\",\"urlTemplate\":\"http:\\\/\\\/ferienwohnungwilhelm.de\\\/?s={search_term_string}\"},\"query-input\":{\"@type\":\"PropertyValueSpecification\",\"valueRequired\":true,\"valueName\":\"search_term_string\"}}],\"inLanguage\":\"de\"},{\"@type\":[\"Person\",\"Organization\"],\"@id\":\"http:\\\/\\\/ferienwohnungwilhelm.de\\\/#\\\/schema\\\/person\\\/c93afcdc1619a85dc23c39eb67df361f\",\"name\":\"FeWohWilArg-2023\",\"image\":{\"@type\":\"ImageObject\",\"inLanguage\":\"de\",\"@id\":\"http:\\\/\\\/ferienwohnungwilhelm.de\\\/wp-content\\\/uploads\\\/2023\\\/03\\\/IMG_9906-scaled.jpg\",\"url\":\"http:\\\/\\\/ferienwohnungwilhelm.de\\\/wp-content\\\/uploads\\\/2023\\\/03\\\/IMG_9906-scaled.jpg\",\"contentUrl\":\"http:\\\/\\\/ferienwohnungwilhelm.de\\\/wp-content\\\/uploads\\\/2023\\\/03\\\/IMG_9906-scaled.jpg\",\"width\":2560,\"height\":2093,\"caption\":\"FeWohWilArg-2023\"},\"logo\":{\"@id\":\"http:\\\/\\\/ferienwohnungwilhelm.de\\\/wp-content\\\/uploads\\\/2023\\\/03\\\/IMG_9906-scaled.jpg\"},\"sameAs\":[\"http:\\\/\\\/ferienwohnungwilhelm.de\"]}]}<\/script>\n<!-- \/ Yoast SEO plugin. -->","yoast_head_json":{"title":"Ferienwohnung im Hunsr\u00fcck","description":"Ferienwohnung im Hunsr\u00fcck - direkt in Argenthal der einen Waldsee zum Baden anbietet. Ruhig gelegene FeWo direkt am Soonwald.","robots":{"index":"index","follow":"follow","max-snippet":"max-snippet:-1","max-image-preview":"max-image-preview:large","max-video-preview":"max-video-preview:-1"},"canonical":"https:\/\/ferienwohnungwilhelm.de\/?page_id=9","og_locale":"de_DE","og_type":"article","og_title":"Ferienwohnung im Hunsr\u00fcck","og_description":"Ferienwohnung im Hunsr\u00fcck - direkt in Argenthal der einen Waldsee zum Baden anbietet. Ruhig gelegene FeWo direkt am Soonwald.","og_url":"https:\/\/ferienwohnungwilhelm.de\/?page_id=9","og_site_name":"Ferienwohnung Wilhelm","article_modified_time":"2023-03-15T13:04:12+00:00","og_image":[{"url":"http:\/\/ferienwohnungwilhelm.de\/wp-content\/uploads\/2023\/03\/AdobeStock_231847949-1024x576.jpeg","type":"","width":"","height":""}],"twitter_card":"summary_large_image","twitter_misc":{"Gesch\u00e4tzte Lesezeit":"3\u00a0Minuten"},"schema":{"@context":"https:\/\/schema.org","@graph":[{"@type":"WebPage","@id":"https:\/\/ferienwohnungwilhelm.de\/?page_id=9","url":"https:\/\/ferienwohnungwilhelm.de\/?page_id=9","name":"Ferienwohnung im Hunsr\u00fcck","isPartOf":{"@id":"http:\/\/ferienwohnungwilhelm.de\/#website"},"primaryImageOfPage":{"@id":"https:\/\/ferienwohnungwilhelm.de\/?page_id=9#primaryimage"},"image":{"@id":"https:\/\/ferienwohnungwilhelm.de\/?page_id=9#primaryimage"},"thumbnailUrl":"http:\/\/ferienwohnungwilhelm.de\/wp-content\/uploads\/2023\/03\/AdobeStock_231847949-1024x576.jpeg","datePublished":"2023-03-01T09:21:40+00:00","dateModified":"2023-03-15T13:04:12+00:00","description":"Ferienwohnung im Hunsr\u00fcck - direkt in Argenthal der einen Waldsee zum Baden anbietet. Ruhig gelegene FeWo direkt am Soonwald.","breadcrumb":{"@id":"https:\/\/ferienwohnungwilhelm.de\/?page_id=9#breadcrumb"},"inLanguage":"de","potentialAction":[{"@type":"ReadAction","target":["https:\/\/ferienwohnungwilhelm.de\/?page_id=9"]}]},{"@type":"ImageObject","inLanguage":"de","@id":"https:\/\/ferienwohnungwilhelm.de\/?page_id=9#primaryimage","url":"http:\/\/ferienwohnungwilhelm.de\/wp-content\/uploads\/2023\/03\/AdobeStock_231847949-1024x576.jpeg","contentUrl":"http:\/\/ferienwohnungwilhelm.de\/wp-content\/uploads\/2023\/03\/AdobeStock_231847949-1024x576.jpeg"},{"@type":"BreadcrumbList","@id":"https:\/\/ferienwohnungwilhelm.de\/?page_id=9#breadcrumb","itemListElement":[{"@type":"ListItem","position":1,"name":"Startseite","item":"http:\/\/ferienwohnungwilhelm.de\/"},{"@type":"ListItem","position":2,"name":"Region"}]},{"@type":"WebSite","@id":"http:\/\/ferienwohnungwilhelm.de\/#website","url":"http:\/\/ferienwohnungwilhelm.de\/","name":"Ferienwohnung Wilhelm","description":"in Argenthal","publisher":{"@id":"http:\/\/ferienwohnungwilhelm.de\/#\/schema\/person\/c93afcdc1619a85dc23c39eb67df361f"},"alternateName":"Ferienwohnung in Argenthal","potentialAction":[{"@type":"SearchAction","target":{"@type":"EntryPoint","urlTemplate":"http:\/\/ferienwohnungwilhelm.de\/?s={search_term_string}"},"query-input":{"@type":"PropertyValueSpecification","valueRequired":true,"valueName":"search_term_string"}}],"inLanguage":"de"},{"@type":["Person","Organization"],"@id":"http:\/\/ferienwohnungwilhelm.de\/#\/schema\/person\/c93afcdc1619a85dc23c39eb67df361f","name":"FeWohWilArg-2023","image":{"@type":"ImageObject","inLanguage":"de","@id":"http:\/\/ferienwohnungwilhelm.de\/wp-content\/uploads\/2023\/03\/IMG_9906-scaled.jpg","url":"http:\/\/ferienwohnungwilhelm.de\/wp-content\/uploads\/2023\/03\/IMG_9906-scaled.jpg","contentUrl":"http:\/\/ferienwohnungwilhelm.de\/wp-content\/uploads\/2023\/03\/IMG_9906-scaled.jpg","width":2560,"height":2093,"caption":"FeWohWilArg-2023"},"logo":{"@id":"http:\/\/ferienwohnungwilhelm.de\/wp-content\/uploads\/2023\/03\/IMG_9906-scaled.jpg"},"sameAs":["http:\/\/ferienwohnungwilhelm.de"]}]}},"_links":{"self":[{"href":"https:\/\/ferienwohnungwilhelm.de\/index.php?rest_route=\/wp\/v2\/pages\/9","targetHints":{"allow":["GET"]}}],"collection":[{"href":"https:\/\/ferienwohnungwilhelm.de\/index.php?rest_route=\/wp\/v2\/pages"}],"about":[{"href":"https:\/\/ferienwohnungwilhelm.de\/index.php?rest_route=\/wp\/v2\/types\/page"}],"author":[{"embeddable":true,"href":"https:\/\/ferienwohnungwilhelm.de\/index.php?rest_route=\/wp\/v2\/users\/1"}],"replies":[{"embeddable":true,"href":"https:\/\/ferienwohnungwilhelm.de\/index.php?rest_route=%2Fwp%2Fv2%2Fcomments&post=9"}],"version-history":[{"count":16,"href":"https:\/\/ferienwohnungwilhelm.de\/index.php?rest_route=\/wp\/v2\/pages\/9\/revisions"}],"predecessor-version":[{"id":234,"href":"https:\/\/ferienwohnungwilhelm.de\/index.php?rest_route=\/wp\/v2\/pages\/9\/revisions\/234"}],"wp:attachment":[{"href":"https:\/\/ferienwohnungwilhelm.de\/index.php?rest_route=%2Fwp%2Fv2%2Fmedia&parent=9"}],"curies":[{"name":"wp","href":"https:\/\/api.w.org\/{rel}","templated":true}]}}