{"id":13,"date":"2023-03-01T09:21:40","date_gmt":"2023-03-01T09:21:40","guid":{"rendered":"http:\/\/ferienwohnungwilhelm.de\/?page_id=13"},"modified":"2023-04-14T07:12:49","modified_gmt":"2023-04-14T07:12:49","slug":"urlaub-im-hunsrueck","status":"publish","type":"page","link":"https:\/\/ferienwohnungwilhelm.de\/?page_id=13","title":{"rendered":"Preise"},"content":{"rendered":"\n<p><\/p>\n\n\n\n<p class=\"has-medium-font-size\"><strong>Komfortbelegung: 3 Personen<\/strong><br>Maximalbelegung: 4 Personen (Schlafcouch im Schlafzimmer)<\/p>\n\n\n\n<figure class=\"wp-block-table is-style-stripes has-medium-font-size\"><table><tbody><tr><td>2 Personen pro Nacht im Doppelzimmer<\/td><td>45 \u20ac<\/td><\/tr><tr><td>jede weitere Person<\/td><td>17 \u20ac<\/td><\/tr><tr><td>Kinder bis 6 Jahre<\/td><td>kostenlos<\/td><\/tr><tr><td>Haustiere<\/td><td>5  \u20ac<\/td><\/tr><tr><td>Endreinigung<\/td><td>40 \u20ac<\/td><\/tr><\/tbody><\/table><\/figure>\n\n\n\n<p class=\"has-medium-font-size\">Im Preis enthalten sind Bett- und Tischw\u00e4sche, Handt\u00fccher, Strom, Wasser und Heizung,<br>sowie Benutzung des Grillplatzes. Holzkohle m\u00fcsste selbst besorgt werden.<\/p>\n\n\n\n<div style=\"height:45px\" aria-hidden=\"true\" class=\"wp-block-spacer\"><\/div>\n\n\n\n<figure class=\"wp-block-table is-style-stripes has-medium-font-size\"><table><tbody><tr><td>Zahlung<\/td><td>bei Antritt des Aufenthaltes in bar<\/td><\/tr><tr><td>Anreise<\/td><td>ab 15:00 Uhr<\/td><\/tr><tr><td>Abreise<\/td><td>bis 10:00 Uhr<\/td><\/tr><\/tbody><\/table><\/figure>\n\n\n\n<div style=\"height:67px\" aria-hidden=\"true\" class=\"wp-block-spacer\"><\/div>\n\n\n\n<p class=\"has-text-align-center has-medium-font-size\"><strong>Ich\u00a0w\u00fcrde Sie gerne als meine G\u00e4ste begr\u00fc\u00dfen!<\/strong><\/p>\n","protected":false},"excerpt":{"rendered":"<p>Komfortbelegung: 3 PersonenMaximalbelegung: 4 Personen (Schlafcouch im Schlafzimmer) 2 Personen pro Nacht im Doppelzimmer 45 \u20ac jede weitere Person 17 \u20ac Kinder bis 6 Jahre kostenlos Haustiere 5 \u20ac Endreinigung 40 \u20ac Im Preis enthalten sind Bett- und Tischw\u00e4sche, Handt\u00fccher, Strom, Wasser und Heizung,sowie Benutzung des Grillplatzes. Holzkohle m\u00fcsste selbst besorgt werden. Zahlung bei Antritt des Aufenthaltes in bar Anreise ab 15:00 Uhr Abreise bis 10:00 Uhr Ich\u00a0w\u00fcrde Sie gerne als meine G\u00e4ste begr\u00fc\u00dfen!<\/p>\n","protected":false},"author":1,"featured_media":0,"parent":0,"menu_order":0,"comment_status":"closed","ping_status":"closed","template":"","meta":{"footnotes":""},"class_list":["post-13","page","type-page","status-publish","hentry"],"yoast_head":"<!-- This site is optimized with the Yoast SEO plugin v27.5 - https:\/\/yoast.com\/product\/yoast-seo-wordpress\/ -->\n<title>Urlaub im Hunsr\u00fcck - Wald, Seen, Wandern und Kultur<\/title>\n<meta name=\"description\" content=\"Urlaub im Hunsr\u00fcck - Zwischen W\u00e4ldern und Seen Wanderwege erkunden oder Kultur erleben. Der Hunsr\u00fcck ist immer ein Besuch wert!\" \/>\n<meta name=\"robots\" content=\"index, follow, max-snippet:-1, max-image-preview:large, max-video-preview:-1\" \/>\n<link rel=\"canonical\" href=\"https:\/\/ferienwohnungwilhelm.de\/?page_id=13\" \/>\n<meta property=\"og:locale\" content=\"de_DE\" \/>\n<meta property=\"og:type\" content=\"article\" \/>\n<meta property=\"og:title\" content=\"Urlaub im Hunsr\u00fcck - Wald, Seen, Wandern und Kultur\" \/>\n<meta property=\"og:description\" content=\"Urlaub im Hunsr\u00fcck - Zwischen W\u00e4ldern und Seen Wanderwege erkunden oder Kultur erleben. Der Hunsr\u00fcck ist immer ein Besuch wert!\" \/>\n<meta property=\"og:url\" content=\"https:\/\/ferienwohnungwilhelm.de\/?page_id=13\" \/>\n<meta property=\"og:site_name\" content=\"Ferienwohnung Wilhelm\" \/>\n<meta property=\"article:modified_time\" content=\"2023-04-14T07:12:49+00:00\" \/>\n<meta property=\"og:image\" content=\"https:\/\/ferienwohnungwilhelm.de\/wp-content\/uploads\/2023\/03\/IMG_9906-scaled.jpg\" \/>\n\t<meta property=\"og:image:width\" content=\"2560\" \/>\n\t<meta property=\"og:image:height\" content=\"2093\" \/>\n\t<meta property=\"og:image:type\" content=\"image\/jpeg\" \/>\n<meta name=\"twitter:card\" content=\"summary_large_image\" \/>\n<meta name=\"twitter:label1\" content=\"Gesch\u00e4tzte Lesezeit\" \/>\n\t<meta name=\"twitter:data1\" content=\"1\u00a0Minute\" \/>\n<script type=\"application\/ld+json\" class=\"yoast-schema-graph\">{\"@context\":\"https:\\\/\\\/schema.org\",\"@graph\":[{\"@type\":\"WebPage\",\"@id\":\"https:\\\/\\\/ferienwohnungwilhelm.de\\\/?page_id=13\",\"url\":\"https:\\\/\\\/ferienwohnungwilhelm.de\\\/?page_id=13\",\"name\":\"Urlaub im Hunsr\u00fcck - Wald, Seen, Wandern und Kultur\",\"isPartOf\":{\"@id\":\"http:\\\/\\\/ferienwohnungwilhelm.de\\\/#website\"},\"datePublished\":\"2023-03-01T09:21:40+00:00\",\"dateModified\":\"2023-04-14T07:12:49+00:00\",\"description\":\"Urlaub im Hunsr\u00fcck - Zwischen W\u00e4ldern und Seen Wanderwege erkunden oder Kultur erleben. Der Hunsr\u00fcck ist immer ein Besuch wert!\",\"breadcrumb\":{\"@id\":\"https:\\\/\\\/ferienwohnungwilhelm.de\\\/?page_id=13#breadcrumb\"},\"inLanguage\":\"de\",\"potentialAction\":[{\"@type\":\"ReadAction\",\"target\":[\"https:\\\/\\\/ferienwohnungwilhelm.de\\\/?page_id=13\"]}]},{\"@type\":\"BreadcrumbList\",\"@id\":\"https:\\\/\\\/ferienwohnungwilhelm.de\\\/?page_id=13#breadcrumb\",\"itemListElement\":[{\"@type\":\"ListItem\",\"position\":1,\"name\":\"Startseite\",\"item\":\"http:\\\/\\\/ferienwohnungwilhelm.de\\\/\"},{\"@type\":\"ListItem\",\"position\":2,\"name\":\"Preise\"}]},{\"@type\":\"WebSite\",\"@id\":\"http:\\\/\\\/ferienwohnungwilhelm.de\\\/#website\",\"url\":\"http:\\\/\\\/ferienwohnungwilhelm.de\\\/\",\"name\":\"Ferienwohnung Wilhelm\",\"description\":\"in Argenthal\",\"publisher\":{\"@id\":\"http:\\\/\\\/ferienwohnungwilhelm.de\\\/#\\\/schema\\\/person\\\/c93afcdc1619a85dc23c39eb67df361f\"},\"alternateName\":\"Ferienwohnung in Argenthal\",\"potentialAction\":[{\"@type\":\"SearchAction\",\"target\":{\"@type\":\"EntryPoint\",\"urlTemplate\":\"http:\\\/\\\/ferienwohnungwilhelm.de\\\/?s={search_term_string}\"},\"query-input\":{\"@type\":\"PropertyValueSpecification\",\"valueRequired\":true,\"valueName\":\"search_term_string\"}}],\"inLanguage\":\"de\"},{\"@type\":[\"Person\",\"Organization\"],\"@id\":\"http:\\\/\\\/ferienwohnungwilhelm.de\\\/#\\\/schema\\\/person\\\/c93afcdc1619a85dc23c39eb67df361f\",\"name\":\"FeWohWilArg-2023\",\"image\":{\"@type\":\"ImageObject\",\"inLanguage\":\"de\",\"@id\":\"http:\\\/\\\/ferienwohnungwilhelm.de\\\/wp-content\\\/uploads\\\/2023\\\/03\\\/IMG_9906-scaled.jpg\",\"url\":\"http:\\\/\\\/ferienwohnungwilhelm.de\\\/wp-content\\\/uploads\\\/2023\\\/03\\\/IMG_9906-scaled.jpg\",\"contentUrl\":\"http:\\\/\\\/ferienwohnungwilhelm.de\\\/wp-content\\\/uploads\\\/2023\\\/03\\\/IMG_9906-scaled.jpg\",\"width\":2560,\"height\":2093,\"caption\":\"FeWohWilArg-2023\"},\"logo\":{\"@id\":\"http:\\\/\\\/ferienwohnungwilhelm.de\\\/wp-content\\\/uploads\\\/2023\\\/03\\\/IMG_9906-scaled.jpg\"},\"sameAs\":[\"http:\\\/\\\/ferienwohnungwilhelm.de\"]}]}<\/script>\n<!-- \/ Yoast SEO plugin. -->","yoast_head_json":{"title":"Urlaub im Hunsr\u00fcck - Wald, Seen, Wandern und Kultur","description":"Urlaub im Hunsr\u00fcck - Zwischen W\u00e4ldern und Seen Wanderwege erkunden oder Kultur erleben. Der Hunsr\u00fcck ist immer ein Besuch wert!","robots":{"index":"index","follow":"follow","max-snippet":"max-snippet:-1","max-image-preview":"max-image-preview:large","max-video-preview":"max-video-preview:-1"},"canonical":"https:\/\/ferienwohnungwilhelm.de\/?page_id=13","og_locale":"de_DE","og_type":"article","og_title":"Urlaub im Hunsr\u00fcck - Wald, Seen, Wandern und Kultur","og_description":"Urlaub im Hunsr\u00fcck - Zwischen W\u00e4ldern und Seen Wanderwege erkunden oder Kultur erleben. Der Hunsr\u00fcck ist immer ein Besuch wert!","og_url":"https:\/\/ferienwohnungwilhelm.de\/?page_id=13","og_site_name":"Ferienwohnung Wilhelm","article_modified_time":"2023-04-14T07:12:49+00:00","og_image":[{"width":2560,"height":2093,"url":"https:\/\/ferienwohnungwilhelm.de\/wp-content\/uploads\/2023\/03\/IMG_9906-scaled.jpg","type":"image\/jpeg"}],"twitter_card":"summary_large_image","twitter_misc":{"Gesch\u00e4tzte Lesezeit":"1\u00a0Minute"},"schema":{"@context":"https:\/\/schema.org","@graph":[{"@type":"WebPage","@id":"https:\/\/ferienwohnungwilhelm.de\/?page_id=13","url":"https:\/\/ferienwohnungwilhelm.de\/?page_id=13","name":"Urlaub im Hunsr\u00fcck - Wald, Seen, Wandern und Kultur","isPartOf":{"@id":"http:\/\/ferienwohnungwilhelm.de\/#website"},"datePublished":"2023-03-01T09:21:40+00:00","dateModified":"2023-04-14T07:12:49+00:00","description":"Urlaub im Hunsr\u00fcck - Zwischen W\u00e4ldern und Seen Wanderwege erkunden oder Kultur erleben. Der Hunsr\u00fcck ist immer ein Besuch wert!","breadcrumb":{"@id":"https:\/\/ferienwohnungwilhelm.de\/?page_id=13#breadcrumb"},"inLanguage":"de","potentialAction":[{"@type":"ReadAction","target":["https:\/\/ferienwohnungwilhelm.de\/?page_id=13"]}]},{"@type":"BreadcrumbList","@id":"https:\/\/ferienwohnungwilhelm.de\/?page_id=13#breadcrumb","itemListElement":[{"@type":"ListItem","position":1,"name":"Startseite","item":"http:\/\/ferienwohnungwilhelm.de\/"},{"@type":"ListItem","position":2,"name":"Preise"}]},{"@type":"WebSite","@id":"http:\/\/ferienwohnungwilhelm.de\/#website","url":"http:\/\/ferienwohnungwilhelm.de\/","name":"Ferienwohnung Wilhelm","description":"in Argenthal","publisher":{"@id":"http:\/\/ferienwohnungwilhelm.de\/#\/schema\/person\/c93afcdc1619a85dc23c39eb67df361f"},"alternateName":"Ferienwohnung in Argenthal","potentialAction":[{"@type":"SearchAction","target":{"@type":"EntryPoint","urlTemplate":"http:\/\/ferienwohnungwilhelm.de\/?s={search_term_string}"},"query-input":{"@type":"PropertyValueSpecification","valueRequired":true,"valueName":"search_term_string"}}],"inLanguage":"de"},{"@type":["Person","Organization"],"@id":"http:\/\/ferienwohnungwilhelm.de\/#\/schema\/person\/c93afcdc1619a85dc23c39eb67df361f","name":"FeWohWilArg-2023","image":{"@type":"ImageObject","inLanguage":"de","@id":"http:\/\/ferienwohnungwilhelm.de\/wp-content\/uploads\/2023\/03\/IMG_9906-scaled.jpg","url":"http:\/\/ferienwohnungwilhelm.de\/wp-content\/uploads\/2023\/03\/IMG_9906-scaled.jpg","contentUrl":"http:\/\/ferienwohnungwilhelm.de\/wp-content\/uploads\/2023\/03\/IMG_9906-scaled.jpg","width":2560,"height":2093,"caption":"FeWohWilArg-2023"},"logo":{"@id":"http:\/\/ferienwohnungwilhelm.de\/wp-content\/uploads\/2023\/03\/IMG_9906-scaled.jpg"},"sameAs":["http:\/\/ferienwohnungwilhelm.de"]}]}},"_links":{"self":[{"href":"https:\/\/ferienwohnungwilhelm.de\/index.php?rest_route=\/wp\/v2\/pages\/13","targetHints":{"allow":["GET"]}}],"collection":[{"href":"https:\/\/ferienwohnungwilhelm.de\/index.php?rest_route=\/wp\/v2\/pages"}],"about":[{"href":"https:\/\/ferienwohnungwilhelm.de\/index.php?rest_route=\/wp\/v2\/types\/page"}],"author":[{"embeddable":true,"href":"https:\/\/ferienwohnungwilhelm.de\/index.php?rest_route=\/wp\/v2\/users\/1"}],"replies":[{"embeddable":true,"href":"https:\/\/ferienwohnungwilhelm.de\/index.php?rest_route=%2Fwp%2Fv2%2Fcomments&post=13"}],"version-history":[{"count":17,"href":"https:\/\/ferienwohnungwilhelm.de\/index.php?rest_route=\/wp\/v2\/pages\/13\/revisions"}],"predecessor-version":[{"id":243,"href":"https:\/\/ferienwohnungwilhelm.de\/index.php?rest_route=\/wp\/v2\/pages\/13\/revisions\/243"}],"wp:attachment":[{"href":"https:\/\/ferienwohnungwilhelm.de\/index.php?rest_route=%2Fwp%2Fv2%2Fmedia&parent=13"}],"curies":[{"name":"wp","href":"https:\/\/api.w.org\/{rel}","templated":true}]}}